Let y(z) = 63*z - 109*z + 7*z - 136 + 17*z + 11*z. What is y(-13)?
7
Let t be (-189)/21 - 20/(-1). Let k(s) = s - 4. Calculate k(t).
7
Let c = -8 + 13. Let r(m) = -m**2 + m + 1. Let n(b) = -b**3 + 5*b**2 - 4*b - 4. Let p(i) = c*r(i) + n(i). Determine p(2).
-5
Let y(t) = 15*t + 4. Let o be 3/(-15) - 0 - 4036/20. Let j = -205 - o. Calculate y(j).
-41
Let v(t) = t**3 - 5*t**2 - 7*t + 7. Suppose 140*s - 2 = 141*s. Let x be ((-13)/(195/(-36)))/(s/(-5)). Determine v(x).
1
Let r(q) = q**3 + q**2. Let z(n) = -5*n**3 - 2*n**2 - 2*n + 2. Let u(c) = -3*r(c) - z(c). Let y = 356 + -354. Determine u(y).
14
Suppose -3728 = 21*x + 5533. Let b = x - -447. Let w(o) = 5*o - 21. Determine w(b).
9
Let m(k) = k**2 + 312*k + 2 - 126*k - 5 - 172*k. Give m(-14).
-3
Let t(q) = q**2 - q + 1. Let m(f) = -f**2 + 11*f - 1. Let h(k) = -m(k) - 2*t(k). Suppose -3*i - 25 = -10*y, 277*y - 278*y + 11 = -2*i. Calculate h(i).
19
Let q(o) = o**3 - 31*o**2 + 58*o - 4. Let u be -2*2/16 + 1287/44. Let m be q(u). Let c(s) be the first derivative of -s**3/3 - 7*s**2/2 - 6*s - 1. What is c(m)?
6
Let f be (-17)/((-255)/(-75)) + (-121)/(-24). Let h(o) be the third derivative of f*o**4 + 0 + 0*o - 10*o**2 + o**3. Determine h(6).
12
Let h(d) = -d**2 + 10*d - 5. Let n be h(9). Let p(m) = -2 - 3*m + 7 + n*m - 1. Let a = -2471 - -2466. Give p(a).
-1
Let p = 964 + -957. Let r(q) = 3*q**2 - 32*q + 26. Let n(s) = 2*s**2 - 21*s + 17. Let d(o) = -8*n(o) + 5*r(o). Calculate d(p).
1
Let r(w) = -106 - w - 138 - 110 - 197 + 667. Give r(0).
116
Let r(a) = a**3 - 65*a**2 - 131*a - 207. Suppose -5*d = -5*k + 310, -144*k - 293 = -148*k - 5*d. Determine r(k).
-6
Suppose 72*a + 36 = -36. Let u(o) = 24*o**2 - o - 2. What is u(a)?
23
Let f(g) = g**3 + 21*g**2 + 23*g - 38. Let w(j) = -2*j**3 - 42*j**2 - 44*j + 73. Let z(a) = 5*f(a) + 3*w(a). What is z(-20)?
-31
Let u(m) be the first derivative of 2*m**3/3 - 11*m**2/2 + 31*m - 1259. Determine u(4).
19
Suppose 0 = 9*k + 3*k - 36. Let y(h) = -6 - 2 + 13 - h - k. What is y(6)?
-4
Let y(g) = 3*g**3 + 20*g**2 + 16*g - 5. Let h(k) = 8*k**3 + 58*k**2 + 47*k - 13. Let q(b) = 4*h(b) - 11*y(b). Calculate q(13).
-10
Let p(f) be the second derivative of -f**3/6 - f**2/2 + 255*f. Suppose 5*r + 2*k = -k + 28, 4*r - 3*k = 17. What is p(r)?
-6
Let z(c) be the second derivative of -c**5/20 + 3*c**4/4 - 5*c**3/6 - c**2 - 34*c - 98. What is z(5)?
73
Let a(j) = -2*j**3 - 20*j**2 + 59*j + 12. Let w(o) = o**3 + 10*o**2 - 33*o - 5. Let m(c) = -4*a(c) - 7*w(c). Calculate m(-10).
37
Let s(u) = 7*u**2 - 15*u - 11. Let k(q) = -30*q**2 + 60*q + 45. Let m(b) = 2*k(b) + 9*s(b). What is m(7)?
33
Let n(g) = -g + 8. Suppose 4*m + 7*f - 8*f + 10 = 0, 2*m + 3*f = -12. Let o(z) = -4 - 3*z - z + 1. Let j be o(m). Calculate n(j).
-1
Let g(l) be the third derivative of l**6/120 + 3*l**5/10 + l**4/8 + 5*l**3/3 - 2*l**2 - 3*l + 9. Calculate g(-18).
-44
Let f(k) be the second derivative of -1 - 2/3*k**3 - 5/2*k**2 + 16*k. Determine f(-4).
11
Let i(z) = -2*z**3 - 19*z**2 + 10*z + 10. Let p be i(-10). Let n(s) = 6 + s**2 + 5*s - 2*s - p*s + 0*s**2. Determine n(7).
6
Let k(o) = -5*o**2 + 2*o + 1. Let y be k(-1). Let j(q) be the first derivative of -q**3/3 - 2*q**2 - 9*q + 11587. Calculate j(y).
-21
Let d(a) = -26*a - 16. Let m(s) = -35*s - 17. Let o(f) = -4*d(f) + 3*m(f). Determine o(22).
-9
Let p(a) = -a**2 + 10*a - 5. Suppose -2*z = -3*z - 4*c + 78, 5*c - 75 = -z. Let g = -42 + 44. Suppose -11*x + z = -g*x. Give p(x).
-5
Suppose 0 = -2*g + r + 3787, 3783 = 7*g - 5*g - 5*r. Let j(q) = 5 + 4 - g*q + 1895*q. What is j(8)?
17
Let w(q) = 42*q - 127. Let v = 441 + -438. Let r be w(v). Let b(o) be the third derivative of o**5/12 + o**4/24 + o**3/6 + o**2. Determine b(r).
5
Let r(v) be the first derivative of -v**3/3 + 5*v**2 + 7*v + 30906. Let q(t) = 10*t**3 + t**2 - t. Let n be q(1). Determine r(n).
7
Suppose -z = -26 - 10. Let h = 126 - z. Let x be (-4)/10 + (-1 - h/25). Let a(s) = -s**3 - 4*s**2 + 5*s + 3. Calculate a(x).
3
Let m(t) = -t**2 + 1. Let f(g) = -g**2 - g + 5. Let a be f(-2). Suppose -2*k + a*k + 5*s = -6, -5*s - 18 = -2*k. Determine m(k).
-15
Let l(r) = -r**3 + 3*r**2 - r - 2. Let w = -18 + 19. Let y be -3 + w/1 + -7. Let s = 11 + y. Give l(s).
0
Let w(r) = 29 + 12*r**2 - 57 + r**3 + 36*r + 19 + 2*r**2 - 13*r. Give w(-12).
3
Let x be (-10)/5*(0 + 22). Let l be 252 + (-5 - (0 + -9)). Let i be (-6)/33 + l/x. Let r(f) = f**3 + 6*f**2 - f - 3. What is r(i)?
3
Let x(c) = 10*c + 5409*c**2 + 23 - 5410*c**2 + 5*c. What is x(15)?
23
Let l = -3961 + 3961. Let n(m) be the second derivative of 0*m**2 + 0 + 1/20*m**5 + 20*m + l*m**3 - 1/12*m**4. Determine n(-1).
-2
Let c(z) = -z**2 + 9*z + 6. Suppose s - 1806 = -4*v, 4*s = -3*v - 0*v + 1348. Let j = -443 + v. Determine c(j).
6
Let p(o) = o**3 - o**2 + o + 1. Let h(j) = 399*j**3 - 2*j**2 - 19*j - 18. Let i be h(-1). Let l = i + 402. What is p(l)?
7
Let n(z) = -z**2 + 7*z - 3. Let g(v) = v**2 + 37*v + 19. Let m(r) = -r**2 - 36*r - 20. Let i(b) = 6*g(b) + 7*m(b). Let l be i(-29). Determine n(l).
9
Let w(s) = -s**2 - 8*s - 5. Let g(x) = x**3 + 9*x**2 - 10*x + 18. Let u be g(-10). Suppose -11*d = -u*d - 49. Give w(d).
2
Let s(y) = y**2 - 4*y + 21. Let q = 2906 - 2906. What is s(q)?
21
Let z(w) = w**3 + 4*w**2 + 2*w + 1. Suppose 49 = 5*c - 111. Let a(g) = -13*g - 139. Let q be a(-8). Let h = q + c. Determine z(h).
4
Let u(k) be the first derivative of 0*k**3 - 1/6*k**4 + 15/2*k**2 + 0*k - 7. Let t(p) be the second derivative of u(p). Determine t(-1).
4
Let u(i) = 5*i**3 - 14*i**2 + 40*i - 1. Let m(v) = 4*v**3 - 14*v**2 + 25*v - 2. Let d(z) = 6*m(z) - 5*u(z). What is d(-6)?
5
Let a(y) = 0*y - 3574 - 7*y + 1797 + 1727. Determine a(-6).
-8
Suppose -3*d = 462 - 9. Let c = d + 144. Let w(v) = -v**3 - 8*v**2 - 6*v. What is w(c)?
-7
Let l be 26/(-5)*45/(-18). Let o(r) = 18*r**3 + 21*r - 17*r**3 + l - 21*r. Let g = -33 + 33. What is o(g)?
13
Let r(v) = -18*v - 18*v - 15 + 23*v + 5 + 81. Give r(6).
-7
Let o(v) be the first derivative of -6*v**2 - v - 84. Suppose 2*p + 4 = 6*p. Determine o(p).
-13
Let v(z) = -4*z - 2. Let k be 44/(-6)*(-69)/(-46). Let q(i) = -i**3 - 10*i**2 + 11*i + 2. Let x be q(k). Determine v(x).
-10
Let o(k) = 3*k. Let v = -5890 - -5892. What is o(v)?
6
Let p = 9379 - 9380. Let i(o) = -o**2 - o - 3. What is i(p)?
-3
Let c(w) = -5*w**3 + 2 - 4*w + 6*w - 3 - 2*w**2. Suppose -4*a - 3*q - 36 = q, -5*q = 4*a + 40. Let k(x) = 31*x + 156. Let u be k(a). Determine c(u).
-6
Let l(t) = 9*t + 73. Let o be l(-8). Let p(z) = -2*z - 11 + 5 + 4 - o + 5. Calculate p(-4).
10
Suppose 2*s - 4*i + 9*i = 3, 0 = -s - 2*i. Let a be s/10 + 138/230. Let v(k) = k - 1. What is v(a)?
-1
Suppose 157*g - 1600 = 598. Let w(z) = 4*z + 4. What is w(g)?
60
Suppose 19 = -5*q + a, q - 5*a + 2*a + 1 = 0. Let f(c) = -c**2 - 4*c - 5. Let o(k) = -2*k**2 - 7*k - 6. Let i(b) = 4*f(b) - 3*o(b). Give i(q).
10
Let r(l) = -l**2 - 2*l + 1. Let k = -28 - -35. Suppose 2*t + 30 = k*t - 5*n, -3 = -5*t - 4*n. Let y be (1/t)/(5/(-30)). Give r(y).
1
Let f(k) = -1 - 22*k + 4 - 4 + 4*k - 2*k. Determine f(1).
-21
Let x(c) = 31*c**2 - 37*c - 60. Let k(j) = -5*j**2 + 6*j + 10. Let h(u) = -13*k(u) - 2*x(u). Give h(3).
5
Let y(u) = -u**3 + 6*u**2 - 6*u + 5. Let s(i) = 8*i**2 - 7*i - 18. Let r be s(-7). Let g = 427 - r. Determine y(g).
13
Let c(z) = -45*z - 193. Let v be c(-6). Let x be (-2)/8*(v - 33). Let k(u) = -u**3 - 12*u**2 - 12*u - 7. Give k(x).
4
Suppose -9*b - 3*b = -84. Suppose -4*u + a = -23, 3*a = 4*u - b*u + 36. Let w(y) = y**2 - 8*y + 6. Calculate w(u).
-1
Let o be (24/(-10))/((-22)/5 - -4). Suppose -3*n = z - 2*n + 2, 2*n = o. Let u(y) = y**3 + 5*y**2 + 4*y + 1. What is u(z)?
-19
Let f(z) be the second derivative of z**5/20 - 7*z**4/12 - 7*z**3/6 - z**2 - 7*z. Let y = -12 - -13. Let c = 7 + y. What is f(c)?
6
Let v(n) = -15*n + 225. Let a be v(16). Let z(p) = p**3 + 15*p**2 + 2*p + 27. What is z(a)?
-3
Let j(f) = 5*f**3 + 18*f**2 - 12*f - 9. Let r(q) = 2*q**3 + 6*q**2 - 4*q - 3. Let y(x) = 3*j(x) - 8*r(x). Let o = -726 + 731. Calculate y(o).
2
Suppose 5*g = -4*s + 18 - 29, -3*g - 33 = -2*s. Let a(x) be the second derivative of x**3/3 - 3*x**2/2 - 9*x. Give a(g).
-17
Let c(y) = -5*y + 27. Let x = -7809 - -7809. Determine c(x).
27
Let k(w) be the second derivative of -w**4/12 + w**3 - 3*w**2/2 - 68